der when 2247 is divided by 50.
47
What is the remainder when 569 is divided by 56?
9
What is the remainder when 4181 is divided by 23?
18
Calculate the remainder when 323 is divided by 68.
51
What is the remainder when 818 is divided by 37?
4
Calculate the remainder when 6150 is divided by 293.
290
What is the remainder when 868 is divided by 35?
28
Calculate the remainder when 4438 is divided by 84.
70
Calculate the remainder when 247 is divided by 35.
2
What is the remainder when 185 is divided by 82?
21
Calculate the remainder when 383 is divided by 129.
125
What is the remainder when 260 is divided by 10?
0
Calculate the remainder when 22 is divided by 8.
6
What is the remainder when 947 is divided by 314?
5
Calculate the remainder when 3287 is divided by 6.
5
Calculate the remainder when 3383 is divided by 47.
46
What is the remainder when 260 is divided by 62?
12
Calculate the remainder when 197 is divided by 7.
1
What is the remainder when 410 is divided by 7?
4
Calculate the remainder when 87 is divided by 21.
3
Calculate the remainder when 2773 is divided by 1.
0
Calculate the remainder when 828 is divided by 104.
100
Calculate the remainder when 139 is divided by 51.
37
Calculate the remainder when 105 is divided by 9.
6
Calculate the remainder when 577 is divided by 120.
97
Calculate the remainder when 1938 is divided by 1930.
8
Calculate the remainder when 1974 is divided by 4.
2
Calculate the remainder when 334 is divided by 28.
26
What is the remainder when 24 is divided by 16?
8
Calculate the remainder when 107 is divided by 45.
17
Calculate the remainder when 2433 is divided by 21.
18
Calculate the remainder when 125 is divided by 26.
21
What is the remainder when 256 is divided by 132?
124
Calculate the remainder when 83 is divided by 5.
3
What is the remainder when 6847 is divided by 17?
13
What is the remainder when 194 is divided by 14?
12
Calculate the remainder when 52 is divided by 11.
8
Calculate the remainder when 5706 is divided by 136.
130
What is the remainder when 195 is divided by 49?
48
What is the remainder when 8794 is divided by 463?
460
What is the remainder when 2581 is divided by 194?
59
Calculate the remainder when 323 is divided by 54.
53
What is the remainder when 668 is divided by 40?
28
Calculate the remainder when 394 is divided by 33.
31
Calculate the remainder when 2275 is divided by 88.
75
Calculate the remainder when 905 is divided by 160.
105
Calculate the remainder when 725 is divided by 7.
4
Calculate the remainder when 2918 is divided by 29.
18
What is the remainder when 310 is divided by 24?
22
What is the remainder when 86 is divided by 29?
28
Calculate the remainder when 329 is divided by 110.
109
Calculate the remainder when 145 is divided by 62.
21
What is the remainder when 1591 is divided by 787?
17
Calculate the remainder when 1862 is divided by 56.
14
What is the remainder when 97 is divided by 14?
13
Calculate the remainder when 143 is divided by 78.
65
Calculate the remainder when 726 is divided by 13.
11
What is the remainder when 753 is divided by 109?
99
Calculate the remainder when 630 is divided by 38.
22
What is the remainder when 1807 is divided by 113?
112
What is the remainder when 207 is divided by 30?
27
What is the remainder when 65 is divided by 40?
25
Calculate the remainder when 3566 is divided by 30.
26
What is the remainder when 104 is divided by 35?
34
What is the remainder when 151 is divided by 31?
27
Calculate the remainder when 93 is divided by 20.
13
Calculate the remainder when 1045 is divided by 215.
185
Calculate the remainder when 90 is divided by 24.
18
What is the remainder when 197 is divided by 70?
57
What is the remainder when 114 is divided by 59?
55
Calculate the remainder when 86 is divided by 23.
17
What is the remainder when 2506 is divided by 829?
19
Calculate the remainder when 2639 is divided by 220.
219
Calculate the remainder when 332 is divided by 56.
52
What is the remainder when 750 is divided by 42?
36
Calculate the remainder when 325 is divided by 191.
134
Calculate the remainder when 451 is divided by 120.
91
What is the remainder when 357 is divided by 91?
84
Calculate the remainder when 3948 is divided by 64.
44
Calculate the remainder when 53 is divided by 28.
25
What is the remainder when 354 is divided by 43?
10
Calculate the remainder when 76 is divided by 15.
1
Calculate the remainder when 365 is divided by 61.
60
What is the remainder when 578 is divided by 53?
48
What is the remainder when 1094 is divided by 363?
5
Calculate the remainder when 60 is divided by 54.
6
Calculate the remainder when 58 is divided by 39.
19
What is the remainder when 89 is divided by 84?
5
Calculate the remainder when 206 is divided by 6.
2
What is the remainder when 52 is divided by 36?
16
Calculate the remainder when 1195 is divided by 53.
29
What is the remainder when 1875 is divided by 263?
34
What is the remainder when 1416 is divided by 178?
170
Calculate the remainder when 7671 is divided by 14.
13
What is the remainder when 6549 is divided by 2177?
18
Calculate the remainder when 2279 is divided by 152.
151
What is the remainder when 825 is divided by 817?
8
Calculate the remainder when 430 is divided by 54.
52
Calculate the remainder when 6720 is divided by 839.
8
What is the remainder when 590 is divided by 120?
110
Calculate the remainder when 152 is divided by 74.
4
What is the remainder when 9024 is divided by 37?
33
What is the remainder when 1080 is divided by 213?
15
Calculate the remainder when 510 is divided by 96.
30
What is the remainder when 426 is divided by 33?
30
Calculate the remainder when 5474 is divided by 73.
72
Calculate the remainder when 312 is divided by 181.
131
What is the remainder when 6695 is divided by 124?
123
Calculate the remainder when 814 is divided by 17.
15
What is the remainder when 117 is divided by 7?
5
What is the remainder when 73 is divided by 30?
13
Calculate the remainder when 379 is divided by 47.
3
What is the remainder when 1019 is divided by 32?
27
Calculate the remainder when 1555 is divided by 82.
79
Calculate the remainder when 1651 is divided by 548.
7
What is the remainder when 133 is divided by 27?
25
Calculate the remainder when 9798 is divided by 33.
30
Calculate the remainder when 984 is divided by 968.
16
Calculate the remainder when 419 is divided by 115.
74
Calculate the remainder when 44 is divided by 25.
19
What is the remainder when 855 is divided by 271?
42
Calculate the remainder when 631 is divided by 12.
7
Calculate the remainder when 511 is divided by 10.
1
What is the remainder when 1172 is divided by 1172?
0
What is the remainder when 33 is divided by 20?
13
What is the remainder when 279 is divided by 96?
87
Calculate the remainder when 270 is divided by 51.
15
What is the remainder when 1541 is divided by 510?
11
Calculate the remainder when 152 is divided by 30.
2
What is the remainder when 90 is divided by 50?
40
Calculate the remainder when 133 is divided by 45.
43
Calculate the remainder when 1110 is divided by 41.
3
Calculate the remainder when 130 is divided by 67.
63
What is the remainder when 291 is divided by 104?
83
What is the remainder when 67 is divided by 35?
32
Calculate the remainder when 1476 is divided by 249.
231
Calculate the remainder when 1147 is divided by 285.
7
What is the remainder when 506 is divided by 101?
1
Calculate the remainder when 1674 is divided by 112.
106
What is the remainder when 532 is divided by 58?
10
What is the remainder when 123 is divided by 16?
11
Calculate the remainder when 3295 is divided by 8.
7
What is the remainder when 1241 is divided by 304?
25
Calculate the remainder when 682 is divided by 29.
15
What is the remainder when 486 is divided by 42?
24
What is the remainder when 534 is divided by 46?
28
What is the remainder when 45297 is divided by 319?
318
Calculate the remainder when 530 is divided by 41.
38
What is the remainder when 422 is divided by 108?
98
Calculate the remainder when 5541 is divided by 94.
89
Calculate the remainder when 47 is divided by 31.
16
What is the remainder when 512 is divided by 101?
7
Calculate the remainder when 166 is divided by 16.
6
Calculate the remainder when 186 is divi